6 - 4). Suppose -4*h = 2*v - 802, 5*h - x = -4*v + 752. What are the prime factors of h?
3, 67
Let u(t) be the first derivative of -9*t**2/2 - 27*t - 57. Let a(q) = -4*q + 1. Let x be a(2). List the prime factors of u(x).
2, 3
Let o be 0 + (-3 - -5) - -2. Suppose -2*f + 5*m + 265 = o*m, -129 = -f + 4*m. What are the prime factors of f?
7, 19
Suppose -x = -3, 6266 = f - 216*x + 214*x. List the prime factors of f.
2, 7
Suppose 3*w - 277 = 5*s - 7*s, s - 5 = 0. Let n = -22 + 24. Suppose n*y - w = -23. List the prime factors of y.
3, 11
Let v(x) = -48*x - 113. Let s(r) = -32*r - 75. Let p(w) = -8*s(w) + 5*v(w). What are the prime factors of p(4)?
3, 11
Let j(v) = 6*v**3 + 3*v**2 + 16*v + 55. Let d be j(-7). Let s = 3657 + d. What are the prime factors of s?
3, 563
List the prime factors of ((-85654)/(-6) - -1)*99/66.
5, 4283
Suppose 2*y - 71021 - 12855 = -4*i, 0 = 4*i + 4*y - 83888. List the prime factors of i.
2, 11, 953
Let t(x) = -7*x + 4. Let h be t(-2). Suppose -3*k + 4 = 2*k - 2*c, -4*k = -5*c - 10. Suppose 4*f - 42 - h = k. List the prime factors of f.
3, 5
Suppose 0 = 4*q - 9*q - 2*m + 24, -3*q - 5*m = -22. Suppose 2*a = q*z + 568, 4*z + 1132 = -12*a + 16*a. What are the prime factors of a?
2, 3, 47
List the prime factors of ((-64044)/342)/((-1)/19).
2, 3, 593
Let c be 1*-4 - (1 - 207/(-1)). Let z = c + 424. List the prime factors of z.
2, 53
Let r(n) = -109*n + 2. Let y be r(2). Let i = y - -85. Let o = i + 203. List the prime factors of o.
2, 3
Suppose 9 - 2 = g. Let i(k) = -k**3 + 12*k**2 - 6*k - 21. Let t(a) = -a**3 + 13*a**2 - 7*a - 23. Let p(x) = 3*i(x) - 2*t(x). List the prime factors of p(g).
2, 3, 17
Let w(x) = 3*x - 15. Let t be w(11). Let o = -17 + t. Let z(g) = g + 3. List the prime factors of z(o).
2
Suppose 0 = 3*v + 12*v - 570. Let a = v + 131. What are the prime factors of a?
13
Let s = -2 - -7. Suppose s*r - 2 = -4*g + 23, g - 1 = 4*r. What are the prime factors of (r + (-174)/4)/(10/(-20))?
5, 17
Let c be 34040/28 + (30/7 - 4). Let i = 1764 - c. List the prime factors of i.
2, 137
Suppose 3*x - 3439 = 4*i - 125, 4*i - 4456 = -4*x. List the prime factors of x.
2, 3, 5, 37
Let q = -29868 - -75575. List the prime factors of q.
45707
Let s(l) = -8*l**2 + 11*l + 2. Let t be s(-5). Let b = 908 + t. Suppose 0 = u + 2*h - 129, -2*u - 5*h + b = 3*u. List the prime factors of u.
7, 19
Suppose -3*m + 7*z = -35264, 4*z - 35275 = -3*m - 0*z. What are the prime factors of m?
3, 3919
What are the prime factors of 25/((-175)/546)*11872/(-48)?
2, 7, 13, 53
Let o(g) = -2*g**3 + 68*g**2 - 26*g - 161. List the prime factors of o(28).
7, 1217
Let p(d) be the first derivative of -21*d**2/2 - 253*d - 141. What are the prime factors of p(-46)?
23, 31
Let f = 289 + -280. Suppose -f*p + 9 = -9. List the prime factors of p.
2
Let i = 5 + -5. Suppose 4*o + 359 = 3*x, i*o + 629 = 5*x + o. Suppose -2*f + x = 3*f. List the prime factors of f.
5
Suppose -3 = -8*v - 3. Suppose v = -2*f + 12*f + 20. List the prime factors of f/(-3) + (-2)/(-6) + 24.
5
Let i = -890 - -1740. Let a = -442 + i. What are the prime factors of a?
2, 3, 17
Let z(l) = 64*l**2 - 129*l + 1685. List the prime factors of z(12).
47, 199
Let z(t) be the first derivative of t**5/12 - 7*t**4/24 + t**3 + 14*t**2 + 14. Let n(r) be the second derivative of z(r). What are the prime factors of n(-4)?
2, 3, 19
Suppose -5*m + 168 + 192 = 0. Suppose 3*v = 3*x + 36, 2*v = -3*v + x + m. Suppose -5*j = -240 + v. List the prime factors of j.
3, 5
Let v be 18/3 - 2223/9. Let a = 94 - v. List the prime factors of a.
5, 67
Suppose 11*k + 16 = 13*k. List the prime factors of 508/k - (-6)/12.
2
Suppose 1187979 = 40*v - 64421. List the prime factors of v.
2, 5, 31, 101
Let o(s) = -s**2 + 22*s. Let z be o(22). Suppose z = 23*p + 5*p - 34384. What are the prime factors of p?
2, 307
Suppose -151*b = -113*b - 168150. List the prime factors of b.
3, 5, 59
Let j(s) = -55*s**3 - 5*s**2 + 31*s + 128. List the prime factors of j(-5).
3, 83
Suppose 44*c = 52*c - 4571 - 7317. List the prime factors of c.
2, 743
Suppose 2*i + 4*q = 16, 2*q = 101*i - 100*i. Let p(d) = 84*d - 179. What are the prime factors of p(i)?
157
Let j(n) = -n**3 + 44*n**2 - 137*n - 17. What are the prime factors of j(26)?
3, 7, 409
Let g = -3450 + 3797. What are the prime factors of g?
347
Let v(t) = t**3 + 8*t**2 - 15*t - 8. Suppose 35 = -b - 2*b - 2*x, -3*x - 25 = 2*b. Let u be v(b). Let d = 400 + u. List the prime factors of d.
2, 97
List the prime factors of 17 - (-4300950)/110 - 12/22.
2, 7, 11, 127
Suppose 8*k - 20 = 3*k. Suppose 452 = 3*p - k*r - r, 3*p = 4*r + 448. List the prime factors of p.
2, 3
Let n be (102/(-8))/(2/8). Let w be (-1583)/(-22) - (-85)/1870. Let b = n + w. List the prime factors of b.
3, 7
Suppose -4*l - w + 263689 = 0, 158595 + 105108 = 4*l - w. What are the prime factors of l?
2, 16481
Suppose -2*n - 2*j = 22, 33 = n - 4*n - 9*j. Let x(v) be the first derivative of -v**4/4 - 3*v**3 + 5*v**2/2 + 23*v + 2. List the prime factors of x(n).
2, 3, 5, 7
Let l be (-20158)/(-34) - 176/(-1496). Let n = l + 414. What are the prime factors of n?
19, 53
Suppose -142986 = -3*m + 2*r, -r + 201239 = 3*m + 58244. What are the prime factors of m?
2, 3, 331
Suppose -5*t - 4*r = -10*t + 7, 4 = 2*r. Suppose -t*k + 2*b = -111, b + b = k - 37. List the prime factors of k.
37
Suppose 4*s - 4*p = -568, 9*s - 4*s + 740 = -5*p. Suppose -3*a = -2*o + 5, -7*a - 4*o - 14 = -5*a. List the prime factors of 10 + -5 - s - a.
3, 17
Let w be -5*(-7)/(-35) - 53. Let a(o) = o**3 - 5*o**2 + 4*o - 5. Let q be a(5). Let c = q - w. What are the prime factors of c?
3, 23
Suppose -84 = -6*k + 3*k. Let s = 24 - k. What are the prime factors of (-649)/(-22) + (-2)/s?
2, 3, 5
Let p be ((-30)/(-25))/(8/13960). Suppose 2*q = -4*j + 5*q + p, 2602 = 5*j + 4*q. What are the prime factors of j?
2, 3, 29
Let q = -38829 - -87574. What are the prime factors of q?
5, 9749
Let v(m) = -14*m - 10. Let g be v(-2). Suppose -2*h = -2*x - 304, g*h - 2*x + 466 = 21*h. List the prime factors of h.
2, 7, 11
Let t = 25 - 20. Suppose t*y - 76 = -2*b, -26 = -5*y + 2*b + 38. Suppose -y*n = -n - 2951. List the prime factors of n.
227
Suppose 0 = -10*u - 2*u + 18348. Let o = -1061 + u. What are the prime factors of o?
2, 3, 13
Let f be (-243)/(-36) - (-1)/4. Let b(k) = -k**2 + 7*k + 3. Let d be b(f). Let t(l) = 50*l + 9. What are the prime factors of t(d)?
3, 53
What are the prime factors of (-10 + 144/12)/((-2)/4) + 39908?
2, 29, 43
Suppose 3*s + 30463 = m, -2*m + 60980 = 8*s - 5*s. List the prime factors of m.
11, 17, 163
Suppose z = 5*j - 37, 0 = 4*j - 3*z + 15 - 49. Suppose j*q - 3455 = -81. List the prime factors of q.
2, 241
Let i = -35 + 37. Let u(g) = -g**3 - 8*g**2 + 9*g - 3. Let j(m) = -4*m**3 - 33*m**2 + 37*m - 11. Let y(z) = i*j(z) - 9*u(z). List the prime factors of y(4).
137
Let j(f) = 1261*f + 1468. What are the prime factors of j(6)?
2, 4517
Let u be ((-51)/(-5))/(25/625). Let q = u - -127. Suppose 0 = 5*g - 2*p - 251 - q, -3*g + p = -380. List the prime factors of g.
127
Let w be -4 + -2 + 4 + (3 - -7). Let f(a) = a**2 - 4*a + 1. Let u be f(w). Let s = u - -92. List the prime factors of s.
5
Let a(h) = 2*h**2 + 13*h - 23. List the prime factors of a(-40).
2657
Let k(i) = -22*i**3 - 7*i**2 - 24*i + 4. Suppose g + 4*x - 5 = 0, 5*g = -x - 8 - 5. List the prime factors of k(g).
607
Let o be 19*1 - (18 + -13). Suppose -4*j - p - p = -o, -9 = -3*p. Suppose -173 = j*k - 641. List the prime factors of k.
2, 3, 13
What are the prime factors of (5/15 + 9595/(-30))*-18?
3, 71
Suppose -57*y + 126146 = 20924. Suppose f - 5*x = 5*f - y, 0 = -4*x - 8. List the prime factors of f.
2, 29
Suppose 2*q - 6*s - 264 = -4*s, -5*s = 4*q - 501. What are the prime factors of q?
3, 43
Suppose -28*y + 204 = -11*y. Suppose 46*j - 20094 = y*j. List the prime factors of j.
3, 197
Let j be (1 - -1)/(8/132) - 2. List the prime factors of j + -21 - (2 - 0)/2.
3
Let t(q) = -1487*q - 2165. What are the prime factors of t(-51)?
2, 9209
Let o = 1847 - 1795. List the prime factors of o.
2, 13
Let p(b) = b**3 + 4*b**2 - 10*b + 3. Let t be p(3). Let o = 43 + t. Suppose 0 = 13*i - 12*i - o. What are the prime factors of i?
79
Suppose 4*o - 5*f - 1029 = 0, 6*o + 4*f = 5*o + 252. Let d = 447 - o. List the pri